alculate the highest common divisor of 9684 and 12.
12
What is the highest common factor of 104 and 2144?
8
What is the highest common divisor of 109 and 277187?
109
What is the highest common divisor of 36472 and 47?
47
Calculate the highest common factor of 8788 and 58474.
338
Calculate the highest common divisor of 320737 and 86.
43
What is the highest common factor of 105 and 55830?
15
What is the greatest common factor of 50710 and 880?
110
What is the highest common factor of 65352 and 112?
56
Calculate the greatest common divisor of 15 and 5080.
5
Calculate the highest common divisor of 5412204 and 63.
63
Calculate the highest common divisor of 3 and 81849.
3
What is the highest common divisor of 17856 and 3627?
279
Calculate the greatest common factor of 2505671 and 2478.
413
What is the greatest common factor of 52 and 10556?
52
Calculate the greatest common divisor of 882 and 3744.
18
Calculate the highest common factor of 19 and 87248.
19
What is the greatest common factor of 376062 and 14?
2
What is the highest common factor of 562 and 254?
2
Calculate the highest common factor of 31178 and 238.
238
Calculate the greatest common factor of 174 and 3774.
6
What is the highest common factor of 3654 and 247950?
522
What is the greatest common factor of 2275 and 1690?
65
Calculate the greatest common divisor of 5837 and 3276.
13
Calculate the greatest common divisor of 23358 and 204.
102
Calculate the greatest common factor of 2496 and 39.
39
Calculate the highest common divisor of 10959400 and 1850.
1850
What is the greatest common divisor of 48024 and 30636?
828
Calculate the highest common factor of 2 and 1551758.
2
What is the greatest common divisor of 1200 and 8850?
150
Calculate the highest common divisor of 141 and 5947145.
47
What is the highest common factor of 4432068 and 36?
36
Calculate the highest common divisor of 186273 and 54.
27
Calculate the greatest common factor of 2265216 and 136.
136
Calculate the greatest common factor of 65540 and 25230.
290
Calculate the highest common divisor of 313903 and 267.
89
What is the greatest common divisor of 66452 and 296?
148
What is the greatest common factor of 355043 and 403?
403
What is the highest common factor of 210 and 57585?
15
What is the highest common factor of 422367 and 66?
33
What is the greatest common factor of 29604 and 228?
12
What is the highest common divisor of 126 and 300438?
18
What is the highest common factor of 920792 and 40?
8
What is the highest common divisor of 39 and 303927?
39
What is the greatest common factor of 123 and 182901?
123
What is the greatest common divisor of 622140 and 135?
15
What is the highest common divisor of 2716 and 56?
28
Calculate the highest common factor of 6253 and 5408.
169
What is the greatest common factor of 790 and 3460?
10
What is the greatest common divisor of 198495 and 1287?
99
Calculate the highest common divisor of 21111 and 23901.
93
What is the highest common factor of 241415 and 265?
265
What is the greatest common factor of 4830 and 1189146?
966
What is the greatest common factor of 300 and 7380?
60
Calculate the highest common divisor of 3410 and 154.
22
What is the highest common factor of 384987 and 5672?
709
Calculate the highest common divisor of 591814 and 7116.
1186
What is the highest common divisor of 6993 and 459?
27
What is the greatest common divisor of 27007 and 1695?
113
Calculate the greatest common divisor of 721 and 1435511.
721
What is the greatest common factor of 369 and 264204?
369
Calculate the greatest common factor of 16690 and 500.
10
What is the highest common divisor of 96559 and 446?
223
What is the greatest common factor of 1202 and 19896706?
1202
What is the highest common divisor of 3059 and 399?
133
What is the highest common factor of 43464 and 40?
8
Calculate the highest common factor of 10776 and 504.
24
What is the greatest common divisor of 191 and 231683?
191
Calculate the greatest common factor of 7467 and 29475.
393
Calculate the greatest common factor of 68135 and 7.
1
Calculate the greatest common factor of 1275 and 10650.
75
Calculate the greatest common factor of 7834771 and 314.
157
What is the highest common divisor of 68513 and 524?
131
What is the greatest common factor of 24720 and 5974?
206
What is the highest common factor of 170 and 38590?
170
What is the greatest common divisor of 7250 and 10730?
290
What is the greatest common divisor of 210 and 5240?
10
Calculate the greatest common divisor of 440 and 19525.
55
Calculate the highest common divisor of 84 and 105854.
14
What is the highest common factor of 322658 and 19?
19
Calculate the highest common divisor of 619408 and 8.
8
What is the greatest common divisor of 101436 and 48?
12
Calculate the highest common divisor of 6016 and 11648.
128
What is the highest common divisor of 1633 and 49956?
23
What is the highest common divisor of 60076 and 12512?
92
Calculate the highest common factor of 55614 and 20562.
138
What is the highest common divisor of 35757 and 15?
3
Calculate the highest common factor of 243 and 129600.
81
Calculate the greatest common factor of 48370 and 70.
70
What is the greatest common divisor of 22340 and 420?
20
What is the highest common divisor of 190 and 860?
10
Calculate the greatest common divisor of 170 and 1690.
10
What is the highest common factor of 960 and 739520?
320
What is the highest common factor of 2568 and 47080?
856
What is the greatest common divisor of 916545 and 87?
87
What is the highest common factor of 14448 and 2365?
43
Calculate the highest common divisor of 600 and 27360.
120
Calculate the greatest common divisor of 681 and 79223.
227
Calculate the greatest common divisor of 454056 and 8.
8
What is the greatest common divisor of 123878 and 3749?
23
What is the highest common divisor of 59562 and 5913?
27
What is the highest common divisor of 13446 and 17604?
54
Calculate the greatest common divisor of 512 and 20.
4
What is the highest common divisor of 559 and 1927991?
559
What is the highest common divisor of 442 and 10965?
17
Calculate the highest common factor of 575 and 14775.
25
What is the highest common divisor of 496160 and 17360?
560
Calculate the highest common divisor of 2866872 and 342.
114
Calculate the greatest common divisor of 1258 and 35972.
34
What is the highest common divisor of 75421 and 995?
199
What is the greatest common factor of 23932 and 372?
124
What is the highest common divisor of 2448975 and 375?
75
Calculate the highest common divisor of 65349 and 548.
137
What is the greatest common factor of 819741 and 780?
39
What is the highest common divisor of 507357 and 27?
27
Calculate the greatest common divisor of 9713 and 13245.
883
Calculate the greatest common factor of 657 and 7343289.
657
Calculate the highest common factor of 2010754 and 188.
94
What is the greatest common factor of 180 and 7049340?
180
What is the greatest common factor of 4617 and 266?
19
Calculate the highest common factor of 73 and 136291.
73
What is the greatest common factor of 24 and 186?
6
Calculate the highest common divisor of 1128 and 7849.
47
Calculate the greatest common factor of 104 and 31889.
13
Calculate the highest common factor of 504 and 5103.
63
Calculate the greatest common divisor of 8534937 and 183.
183
Calculate the greatest common divisor of 2479 and 1961.
37
What is the highest common divisor of 1636370 and 5?
5
What is the highest common factor of 748 and 294404?
44
Calculate the highest common factor of 4180 and 2356.
76
What is the greatest common factor of 114604 and 5572?
28
Calculate the greatest common factor of 38 and 5323.
1
What is the greatest common factor of 75507 and 6?
3
What is the highest common divisor of 26892 and 1476?
36
What is the greatest common divisor of 175994 and 728?
182
What is the highest common divisor of 20915 and 7520?
235
Calculate the highest common factor of 190 and 6740.
10
Calculate the greatest common divisor of 85003 and 4072.
509
What is the highest common factor of 3237 and 6513?
39
Calculate the highest common divisor of 8451 and 57592.
313
Calculate the highest common factor of 65416 and 51.
17
Calculate the highest common factor of 49248 and 13528.
152
Calculate the highest common f